 7*p + 85 = 12*p. What is the units digit of p?
7
What is the units digit of -2 + (-2 + 5 - -3)?
4
Suppose -10*r = -2*r - 208. What is the units digit of r?
6
Suppose -3*h = -2*h - 6. Let c = h + 0. What is the units digit of c?
6
Let r = 155 + -99. Suppose -6 = 6*v - 42. Suppose -2*q + v*q = r. What is the units digit of q?
4
Let q(n) = n**2 + 5*n + 4. Let j be q(-5). What is the units digit of (3 - j)/(1/(-24))?
4
Let t(n) = n + 3. Let r(k) = -k**2 - 4*k - 3. Let c be r(-3). What is the units digit of t(c)?
3
Let o be 0/(-2) + (-10)/(-5). Suppose -5*s = -3*c - o*s + 96, -2*s = 5*c - 167. What is the tens digit of c?
3
Let x(k) = -5*k**3 - k**2 + 1. Let u be x(-1). Suppose -u*p + 12 = n, 1 = -n + 3. What is the units digit of 10 - (p/2)/(-1)?
1
Suppose -3*k = 3*d - 1353, 0 = k + 7 - 3. What is the units digit of d/28 - (-6)/8?
7
Let i = -2 + 9. What is the units digit of i?
7
Suppose 5*p - 755 = -5*u, 3*u = -u - 20. What is the hundreds digit of p?
1
Let p = -44 + 26. Let z be 50/p + (-4)/18. What is the units digit of (-1)/z - 46/(-6)?
8
Let t(n) = -n**3 - 7*n**2 - 6*n + 6. Let g be t(-6). What is the units digit of (0 - (-21)/g)*2?
7
Let i be ((-3)/2)/(2/(-12)). What is the units digit of (-6)/i + (-476)/(-12)?
9
Let v be 0/(3/(3/2)). Suppose -5*n + 10 = v, 5*q - 5*n - 8 = 32. What is the units digit of q?
0
Suppose 4*n + d - 3*d + 62 = 0, 2*n - 3*d = -33. Let s be -4*(n/(-4))/3. What is the units digit of (-64)/(-10) - (-2)/s?
6
What is the tens digit of (240/(-36))/(3/(-27))?
6
Suppose -5*s - 2*y = -800, -4*y = s - 9*y - 160. What is the units digit of s?
0
Suppose 4*c + 55 = 9*c. What is the tens digit of c?
1
Suppose k = 11*k - 2390. What is the units digit of k?
9
Let s be 141/21 - 4/(-14). Let c = s - 13. Let p(w) = -w**3 - 7*w**2 - 5*w + 7. What is the units digit of p(c)?
1
Suppose 0 = -5*w + 84 + 16. Let y be (12 - 12)*(-1 - 0). Suppose 2*f = -y*f + w. What is the units digit of f?
0
Let j = 172 + -80. What is the tens digit of j?
9
Let g(j) = j**3 - 3*j**2 + 2*j + 1. Let x be g(2). Let c = x - -1. What is the units digit of c?
2
Let d(r) = 2*r**3 - 6*r**2 + 4*r + 2. Suppose 10*n = 5*n + 20. What is the tens digit of d(n)?
5
Suppose 7*h = 4*h + 36. Let d = 22 - h. What is the tens digit of d?
1
Let j = 109 + -69. What is the tens digit of j?
4
Suppose -3*y + 23 = -7. Let c = -6 + y. Suppose -56 - c = -5*z. What is the units digit of z?
2
Let b = 439 + -271. What is the hundreds digit of b?
1
Suppose 7 = -p - 18. Let y = -10 - p. What is the units digit of y?
5
Suppose 2*j + 14 = 2*z, -6 = 2*z + 2*j + j. What is the units digit of z?
3
Suppose -8 + 4 = -p. Suppose -g + 0 = -p. What is the units digit of g?
4
Let m be (-4)/(-2)*-1 - -5. Suppose -1 = -q + m. What is the units digit of q?
4
Let s = -13 - -17. Suppose 5*y - 24 = -2*w + 14, 4*w = s*y + 132. What is the units digit of w?
9
Suppose -28 = -2*c + 40. What is the units digit of c?
4
Suppose 5*r - 15 = -4*u + 57, r = 4*u + 24. What is the tens digit of r?
1
Let u(x) = -x**3 - 7*x**2 - 7*x - 5. What is the hundreds digit of u(-8)?
1
Suppose 0 = -3*o + 5*l + 528, -l = -5*o - 2*l + 852. What is the hundreds digit of o?
1
Suppose 0 = o - 4*o + 108. What is the tens digit of o?
3
Suppose -89 = -3*y + 85. Suppose 0 = 5*d + 3*a + y, -2*d + a - 32 = -0*a. Let s = -5 - d. What is the units digit of s?
9
Let w(o) = -o**2 + o. Let z be w(10). Let s = 132 + z. What is the units digit of s?
2
Suppose -2*t = -5*t + 12. Suppose t*a + 42 = 5*r, 0 = -8*a + 3*a - 15. What is the units digit of r?
6
Suppose 16*b - 2057 + 281 = 0. What is the hundreds digit of b?
1
Suppose 2*t + 5*o + 0 = -19, -5*t - o = -10. Suppose 0 = w - t*w + 4. Suppose w - 18 = -4*s. What is the units digit of s?
4
Let q = 2 - 0. Suppose 0 = q*n + n - 15. Suppose -d + 5*k = 4*d - 25, 2*d + n*k = 31. What is the units digit of d?
8
Let y(m) = 2*m**2 - 2*m - 1. Let q = 0 - 2. What is the units digit of y(q)?
1
Suppose -80 = -11*p + 7*p. What is the units digit of p?
0
What is the tens digit of -3 - (-105)/(-5 - -8)?
3
Let g(t) be the third derivative of -t**4/24 + 2*t**3/3 - t**2. What is the units digit of g(-11)?
5
Suppose 24 = 4*j + 4*i - 5*i, 15 = -j - 5*i. Suppose 5*s + j = -2*m + 4, 5*m = -4*s + 6. What is the units digit of m?
2
Let h = 2 - -3. Suppose -h*q + 5*r = -285, 164 = 4*q + 5*r - 19. What is the tens digit of q?
5
Suppose -2*q + 223 = q + 5*f, 0 = -q + 2*f + 78. What is the units digit of q?
6
Suppose -3*k = 3*k - 48. What is the units digit of k?
8
Let m be (1 - 0)/(1/12). What is the units digit of 28/m*(-6)/(-2)?
7
Let g(o) = o + 2. Suppose 6*q - 2*q - 12 = 0. Let w be g(q). Suppose -c + w*c = 28. What is the units digit of c?
7
Let p be (-1 + 2)/((-1)/(-26)). Let k be (-2 + 4)*-6 - 2. Let n = k + p. What is the units digit of n?
2
Suppose 0 = -4*f - 3*h + 185, -77 = -4*f + 4*h + 143. What is the tens digit of f?
5
Let v be -2*3/3 + 8. Let b(z) = -z**2 + 5*z + 3. Let y be b(v). What is the units digit of y/(-1) - (-2 + 2)?
3
Let t(n) = 3*n + 1. Let z be t(-1). Let v(f) = -3*f**3 - 2*f**2 + f - 2. What is the tens digit of v(z)?
1
Let o be (-2)/5 - (-51)/15. Suppose -o*u + 20 = u. Suppose -4*n + u = n. What is the units digit of n?
1
Suppose v = -3 + 40. What is the units digit of v?
7
Let l be 0/(2 + (-2 - -2)). Suppose l = 5*y - 6*y. Suppose y = -q - 4*v - 1, 5*q = v - 2*v + 14. What is the units digit of q?
3
Suppose 2*c + 4*x + 6 = 0, 5*c + 3*x - 12 = -55. Let o = -5 - c. Suppose 0 = -w + o + 8. What is the tens digit of w?
1
Let k(u) = u**3 - 7*u**2 + 2*u + 4. What is the units digit of k(7)?
8
Let s be (0 - -1)*33/11. Suppose 3*y = y - 5*k + 15, -2*k + 6 = -y. Suppose y*m + m = s. What is the units digit of m?
3
What is the units digit of 24/(-1)*(-3)/9?
8
Let c = 196 - 87. What is the tens digit of c?
0
Let f(o) = o**2 - o + 1. Let m be f(0). Suppose -5*h - 3 = 3*z, 3*z = -2*h + 4 + 2. What is the units digit of h/(m + (-5)/2)?
2
Let n(l) = l**2 + 2*l - 1. Let p be n(-3). Suppose -p*h = -7*h + 105. What is the tens digit of h?
2
What is the tens digit of ((-19)/(-4))/((-1)/(-4))?
1
Let o(x) = x**2 + 9*x + 5. Let j be o(-7). Let y = -7 - j. What is the units digit of (42/(-9))/(y/(-3))?
7
What is the tens digit of 1/(-3) - 416/(-24)?
1
Suppose 2*y - 4*u + 2 = 0, 0*u + 2*u - 3 = -y. Let r be (y + 0)/(3/21). Suppose 13 + r = 5*d. What is the units digit of d?
4
Let w = 7 + 6. What is the tens digit of w?
1
Suppose 3*j + 2 = -4*p, 3*j - p - 9 + 1 = 0. Suppose i = -j*i + 5*y + 62, 4*i + y - 52 = 0. What is the units digit of i?
4
Suppose -a = -5*x + 82, x - 5*a = 10 + 16. What is the units digit of x?
6
Suppose -5*a - q = -69, 0 = -a - 3*q - q + 29. What is the tens digit of a?
1
Suppose 0 = 7*g - 944 + 251. What is the tens digit of g?
9
Let w(s) = -s**3 - 17*s**2 - 6*s + 16. What is the hundreds digit of w(-17)?
1
Suppose 21 = -5*j - 4*y, j + y = 6*y + 19. Let r(l) = l**2 + 5*l + 5. Let i be r(-5). Let s = i + j. What is the units digit of s?
4
Let f(q) be the first derivative of -q**4/4 - 4*q**3/3 - 3*q**2 - q - 5. What is the tens digit of f(-4)?
2
Let c = 245 - 173. What is the units digit of c?
2
Suppose 0 = -5*w + 6 - 16, 5*s - 7 = -4*w. Let o(j) = 44*j**2 - 2*j - 1. Let f be o(-1). Suppose 2*l - f = -s*l. What is the units digit of l?
9
Let n be 2 - (-1 + 3) - -3. Let h be 0/(3/(n/(-1))). Suppose h*k + 20 = 4*k. What is the units digit of k?
5
Let o = -75 + 157. What is the tens digit of o?
8
Let p = 94 - 52. What is the tens digit of p?
4
Let k = 113 - -86. What is the units digit of k?
9
Let b = -1 + 9. What is the tens digit of (0 - 0) + 160/b?
2
Suppose -3*i - 12 = i. Let s be (-1)/i + (-4)/3. What is the units digit of (s - 15/(-9))*9?
6
Let j(h) = h**3 - 8*h**2 + 8*h - 5. Let l be j(7). Suppose 0 = -6*f + l*f - 16. What is the units digit of 3 + -1 + 4/f?
1
Let l = 4 + -2. What is the units digit of ((-8)/10)/(l/(-5))?
2
Let m = -52 - -447. What is the tens digit of m?
9
Let n(x) = x**3 - 3*x**2 + 4*x - 5. What is the units digit of n(5)?
5
Suppose 5*m - 10 = 25. Suppose 8*c = m*c. Suppose -2*b - 3*b + 15 = c. What is the units digit of b?
3
Suppose -2*x - 756 = 2*x. What is the units digit of ((-2)/6)/(7/x)?
9
Let n(b) = 3*b - 3. Let x be n(3). What is the units digit of ((-8)/x)/((-16)